{"id":15900,"date":"2023-12-14T09:28:43","date_gmt":"2023-12-14T09:28:43","guid":{"rendered":"https:\/\/www.gigroupholding.com\/polska\/?page_id=15900"},"modified":"2025-12-09T14:39:21","modified_gmt":"2025-12-09T14:39:21","slug":"hr-owe-slowo-roku-thank-you-page","status":"publish","type":"page","link":"https:\/\/www.gigroupholding.com\/polska\/hr-owe-slowo-roku-thank-you-page\/","title":{"rendered":"Dzi\u0119kujemy za udzia\u0142 w g\u0142osowaniu"},"content":{"rendered":"\t\t<div data-elementor-type=\"wp-page\" data-elementor-id=\"15900\" class=\"elementor elementor-15900\" data-elementor-post-type=\"page\">\n\t\t\t\t\t\t<section class=\"elementor-section elementor-top-section elementor-element elementor-element-7719350 elementor-section-boxed elementor-section-height-default elementor-section-height-default\" data-id=\"7719350\" data-element_type=\"section\">\n\t\t\t\t\t\t<div class=\"elementor-container elementor-column-gap-default\">\n\t\t\t\t\t<div class=\"elementor-column elementor-col-100 elementor-top-column elementor-element elementor-element-c07fd95\" data-id=\"c07fd95\" data-element_type=\"column\">\n\t\t\t<div class=\"elementor-widget-wrap\">\n\t\t\t\t\t\t\t<\/div>\n\t\t<\/div>\n\t\t\t\t\t<\/div>\n\t\t<\/section>\n\t\t\t\t<section class=\"elementor-section elementor-top-section elementor-element elementor-element-adb75d3 elementor-section-boxed elementor-section-height-default elementor-section-height-default\" data-id=\"adb75d3\" data-element_type=\"section\">\n\t\t\t\t\t\t<div class=\"elementor-container elementor-column-gap-default\">\n\t\t\t\t\t<div class=\"elementor-column elementor-col-100 elementor-top-column elementor-element elementor-element-7516b45\" data-id=\"7516b45\" data-element_type=\"column\">\n\t\t\t<div class=\"elementor-widget-wrap\">\n\t\t\t\t\t\t\t<\/div>\n\t\t<\/div>\n\t\t\t\t\t<\/div>\n\t\t<\/section>\n\t\t\t\t<section class=\"elementor-section elementor-top-section elementor-element elementor-element-8a9091c elementor-section-boxed elementor-section-height-default elementor-section-height-default\" data-id=\"8a9091c\" data-element_type=\"section\">\n\t\t\t\t\t\t<div class=\"elementor-container elementor-column-gap-default\">\n\t\t\t\t\t<div class=\"elementor-column elementor-col-100 elementor-top-column elementor-element elementor-element-814c9c2\" data-id=\"814c9c2\" data-element_type=\"column\">\n\t\t\t<div class=\"elementor-widget-wrap elementor-element-populated\">\n\t\t\t\t\t\t<div class=\"elementor-element elementor-element-6d1ce42 elementor-widget elementor-widget-image\" data-id=\"6d1ce42\" data-element_type=\"widget\" data-widget_type=\"image.default\">\n\t\t\t\t<div class=\"elementor-widget-container\">\n\t\t\t\t\t\t\t\t\t\t\t\t\t<img fetchpriority=\"high\" decoding=\"async\" width=\"800\" height=\"266\" src=\"https:\/\/www.gigroupholding.com\/polska\/wp-content\/uploads\/sites\/9\/2024\/11\/slowo-logo-poziome-2025-1024x341.png\" class=\"attachment-large size-large wp-image-37559\" alt=\"\" srcset=\"https:\/\/www.gigroupholding.com\/polska\/wp-content\/uploads\/sites\/9\/2024\/11\/slowo-logo-poziome-2025-1024x341.png 1024w, https:\/\/www.gigroupholding.com\/polska\/wp-content\/uploads\/sites\/9\/2024\/11\/slowo-logo-poziome-2025-300x100.png 300w, https:\/\/www.gigroupholding.com\/polska\/wp-content\/uploads\/sites\/9\/2024\/11\/slowo-logo-poziome-2025-768x256.png 768w, https:\/\/www.gigroupholding.com\/polska\/wp-content\/uploads\/sites\/9\/2024\/11\/slowo-logo-poziome-2025.png 1200w\" sizes=\"(max-width: 800px) 100vw, 800px\" \/>\t\t\t\t\t\t\t\t\t\t\t\t\t<\/div>\n\t\t\t\t<\/div>\n\t\t\t\t\t<\/div>\n\t\t<\/div>\n\t\t\t\t\t<\/div>\n\t\t<\/section>\n\t\t\t\t<section class=\"elementor-section elementor-top-section elementor-element elementor-element-6c20f1b elementor-section-boxed elementor-section-height-default elementor-section-height-default\" data-id=\"6c20f1b\" data-element_type=\"section\">\n\t\t\t\t\t\t<div class=\"elementor-container elementor-column-gap-default\">\n\t\t\t\t\t<div class=\"elementor-column elementor-col-100 elementor-top-column elementor-element elementor-element-0efea85\" data-id=\"0efea85\" data-element_type=\"column\">\n\t\t\t<div class=\"elementor-widget-wrap elementor-element-populated\">\n\t\t\t\t\t\t<div class=\"elementor-element elementor-element-af246a0 elementor-widget elementor-widget-text-editor\" data-id=\"af246a0\" data-element_type=\"widget\" data-widget_type=\"text-editor.default\">\n\t\t\t\t<div class=\"elementor-widget-container\">\n\t\t\t\t\t\t\t<h2><b>Dzi\u0119kujemy za oddanie g\u0142osu!<\/b><\/h2>\t\t\t\t\t\t<\/div>\n\t\t\t\t<\/div>\n\t\t\t\t\t<\/div>\n\t\t<\/div>\n\t\t\t\t\t<\/div>\n\t\t<\/section>\n\t\t\t\t<section class=\"elementor-section elementor-top-section elementor-element elementor-element-5878407 elementor-section-boxed elementor-section-height-default elementor-section-height-default\" data-id=\"5878407\" data-element_type=\"section\">\n\t\t\t\t\t\t<div class=\"elementor-container elementor-column-gap-default\">\n\t\t\t\t\t<div class=\"elementor-column elementor-col-100 elementor-top-column elementor-element elementor-element-7427376\" data-id=\"7427376\" data-element_type=\"column\">\n\t\t\t<div class=\"elementor-widget-wrap elementor-element-populated\">\n\t\t\t\t\t\t<div class=\"elementor-element elementor-element-d5ec87f elementor-widget elementor-widget-text-editor\" data-id=\"d5ec87f\" data-element_type=\"widget\" data-widget_type=\"text-editor.default\">\n\t\t\t\t<div class=\"elementor-widget-container\">\n\t\t\t\t\t\t\t<p>Informujemy, \u017ce wyniki g\u0142osowania zostan\u0105 og\u0142oszone na pocz\u0105tku stycznia.<\/p><p>Zach\u0119camy do regularnego odwiedzania naszej strony internetowej oraz \u015bledzenia naszych profili w mediach spo\u0142eczno\u015bciowych. B\u0119dziemy na bie\u017c\u0105co informowa\u0107 o wszystkich nowo\u015bciach i nadchodz\u0105cych wydarzeniach.<\/p>\t\t\t\t\t\t<\/div>\n\t\t\t\t<\/div>\n\t\t\t\t\t<\/div>\n\t\t<\/div>\n\t\t\t\t\t<\/div>\n\t\t<\/section>\n\t\t\t\t<section class=\"elementor-section elementor-top-section elementor-element elementor-element-14547d9 elementor-section-boxed elementor-section-height-default elementor-section-height-default\" data-id=\"14547d9\" data-element_type=\"section\">\n\t\t\t\t\t\t<div class=\"elementor-container elementor-column-gap-default\">\n\t\t\t\t\t<div class=\"elementor-column elementor-col-100 elementor-top-column elementor-element elementor-element-fb1e02b\" data-id=\"fb1e02b\" data-element_type=\"column\">\n\t\t\t<div class=\"elementor-widget-wrap elementor-element-populated\">\n\t\t\t\t\t\t<div class=\"elementor-element elementor-element-cfec33f elementor-widget elementor-widget-spacer\" data-id=\"cfec33f\" data-element_type=\"widget\" data-widget_type=\"spacer.default\">\n\t\t\t\t<div class=\"elementor-widget-container\">\n\t\t\t\t\t<div class=\"elementor-spacer\">\n\t\t\t<div class=\"elementor-spacer-inner\"><\/div>\n\t\t<\/div>\n\t\t\t\t<\/div>\n\t\t\t\t<\/div>\n\t\t\t\t\t<\/div>\n\t\t<\/div>\n\t\t\t\t\t<\/div>\n\t\t<\/section>\n\t\t\t\t<\/div>\n\t\t","protected":false},"excerpt":{"rendered":"<p>Dzi\u0119kujemy za oddanie g\u0142osu! Informujemy, \u017ce wyniki g\u0142osowania zostan\u0105 og\u0142oszone na pocz\u0105tku stycznia. Zach\u0119camy do regularnego odwiedzania naszej strony internetowej oraz \u015bledzenia naszych profili w mediach spo\u0142eczno\u015bciowych. B\u0119dziemy na bie\u017c\u0105co informowa\u0107 o wszystkich nowo\u015bciach i nadchodz\u0105cych wydarzeniach.<\/p>\n","protected":false},"author":25,"featured_media":0,"parent":0,"menu_order":0,"comment_status":"closed","ping_status":"closed","template":"","meta":{"_acf_changed":false,"footnotes":"","_links_to":"","_links_to_target":""},"class_list":["post-15900","page","type-page","status-publish","hentry"],"acf":[],"yoast_head":"<!-- This site is optimized with the Yoast SEO plugin v23.9 - https:\/\/yoast.com\/wordpress\/plugins\/seo\/ -->\n<title>Dzi\u0119kujemy za udzia\u0142 w g\u0142osowaniu - Gi Group Holding Polska<\/title>\n<meta name=\"robots\" content=\"index, follow, max-snippet:-1, max-image-preview:large, max-video-preview:-1\" \/>\n<link rel=\"canonical\" href=\"https:\/\/www.gigroupholding.com\/polska\/hr-owe-slowo-roku-thank-you-page\/\" \/>\n<meta property=\"og:locale\" content=\"pl_PL\" \/>\n<meta property=\"og:type\" content=\"article\" \/>\n<meta property=\"og:title\" content=\"Dzi\u0119kujemy za udzia\u0142 w g\u0142osowaniu - Gi Group Holding Polska\" \/>\n<meta property=\"og:description\" content=\"Dzi\u0119kujemy za oddanie g\u0142osu! Informujemy, \u017ce wyniki g\u0142osowania zostan\u0105 og\u0142oszone na pocz\u0105tku stycznia. Zach\u0119camy do regularnego odwiedzania naszej strony internetowej oraz \u015bledzenia naszych profili w mediach spo\u0142eczno\u015bciowych. B\u0119dziemy na bie\u017c\u0105co informowa\u0107 o wszystkich nowo\u015bciach i nadchodz\u0105cych wydarzeniach.\" \/>\n<meta property=\"og:url\" content=\"https:\/\/www.gigroupholding.com\/polska\/hr-owe-slowo-roku-thank-you-page\/\" \/>\n<meta property=\"og:site_name\" content=\"Gi Group Holding Polska\" \/>\n<meta property=\"article:modified_time\" content=\"2025-12-09T14:39:21+00:00\" \/>\n<meta property=\"og:image\" content=\"https:\/\/www.gigroupholding.com\/polska\/wp-content\/uploads\/sites\/9\/2024\/11\/slowo-logo-poziome-2025.png\" \/>\n\t<meta property=\"og:image:width\" content=\"1200\" \/>\n\t<meta property=\"og:image:height\" content=\"400\" \/>\n\t<meta property=\"og:image:type\" content=\"image\/png\" \/>\n<meta name=\"twitter:card\" content=\"summary_large_image\" \/>\n<meta name=\"twitter:label1\" content=\"Est. reading time\" \/>\n\t<meta name=\"twitter:data1\" content=\"1 minute\" \/>\n<script type=\"application\/ld+json\" class=\"yoast-schema-graph\">{\"@context\":\"https:\/\/schema.org\",\"@graph\":[{\"@type\":\"WebPage\",\"@id\":\"https:\/\/www.gigroupholding.com\/polska\/hr-owe-slowo-roku-thank-you-page\/\",\"url\":\"https:\/\/www.gigroupholding.com\/polska\/hr-owe-slowo-roku-thank-you-page\/\",\"name\":\"Dzi\u0119kujemy za udzia\u0142 w g\u0142osowaniu - Gi Group Holding Polska\",\"isPartOf\":{\"@id\":\"https:\/\/www.gigroupholding.com\/polska\/#website\"},\"primaryImageOfPage\":{\"@id\":\"https:\/\/www.gigroupholding.com\/polska\/hr-owe-slowo-roku-thank-you-page\/#primaryimage\"},\"image\":{\"@id\":\"https:\/\/www.gigroupholding.com\/polska\/hr-owe-slowo-roku-thank-you-page\/#primaryimage\"},\"thumbnailUrl\":\"https:\/\/www.gigroupholding.com\/polska\/wp-content\/uploads\/sites\/9\/2024\/11\/slowo-logo-poziome-2025-1024x341.png\",\"datePublished\":\"2023-12-14T09:28:43+00:00\",\"dateModified\":\"2025-12-09T14:39:21+00:00\",\"inLanguage\":\"pl-PL\",\"potentialAction\":[{\"@type\":\"ReadAction\",\"target\":[\"https:\/\/www.gigroupholding.com\/polska\/hr-owe-slowo-roku-thank-you-page\/\"]}]},{\"@type\":\"ImageObject\",\"inLanguage\":\"pl-PL\",\"@id\":\"https:\/\/www.gigroupholding.com\/polska\/hr-owe-slowo-roku-thank-you-page\/#primaryimage\",\"url\":\"https:\/\/www.gigroupholding.com\/polska\/wp-content\/uploads\/sites\/9\/2024\/11\/slowo-logo-poziome-2025.png\",\"contentUrl\":\"https:\/\/www.gigroupholding.com\/polska\/wp-content\/uploads\/sites\/9\/2024\/11\/slowo-logo-poziome-2025.png\",\"width\":1200,\"height\":400},{\"@type\":\"WebSite\",\"@id\":\"https:\/\/www.gigroupholding.com\/polska\/#website\",\"url\":\"https:\/\/www.gigroupholding.com\/polska\/\",\"name\":\"Gi Group Holding Polska\",\"description\":\"\",\"potentialAction\":[{\"@type\":\"SearchAction\",\"target\":{\"@type\":\"EntryPoint\",\"urlTemplate\":\"https:\/\/www.gigroupholding.com\/polska\/?s={search_term_string}\"},\"query-input\":{\"@type\":\"PropertyValueSpecification\",\"valueRequired\":true,\"valueName\":\"search_term_string\"}}],\"inLanguage\":\"pl-PL\"}]}<\/script>\n<!-- \/ Yoast SEO plugin. -->","yoast_head_json":{"title":"Dzi\u0119kujemy za udzia\u0142 w g\u0142osowaniu - Gi Group Holding Polska","robots":{"index":"index","follow":"follow","max-snippet":"max-snippet:-1","max-image-preview":"max-image-preview:large","max-video-preview":"max-video-preview:-1"},"canonical":"https:\/\/www.gigroupholding.com\/polska\/hr-owe-slowo-roku-thank-you-page\/","og_locale":"pl_PL","og_type":"article","og_title":"Dzi\u0119kujemy za udzia\u0142 w g\u0142osowaniu - Gi Group Holding Polska","og_description":"Dzi\u0119kujemy za oddanie g\u0142osu! Informujemy, \u017ce wyniki g\u0142osowania zostan\u0105 og\u0142oszone na pocz\u0105tku stycznia. Zach\u0119camy do regularnego odwiedzania naszej strony internetowej oraz \u015bledzenia naszych profili w mediach spo\u0142eczno\u015bciowych. B\u0119dziemy na bie\u017c\u0105co informowa\u0107 o wszystkich nowo\u015bciach i nadchodz\u0105cych wydarzeniach.","og_url":"https:\/\/www.gigroupholding.com\/polska\/hr-owe-slowo-roku-thank-you-page\/","og_site_name":"Gi Group Holding Polska","article_modified_time":"2025-12-09T14:39:21+00:00","og_image":[{"width":1200,"height":400,"url":"https:\/\/www.gigroupholding.com\/polska\/wp-content\/uploads\/sites\/9\/2024\/11\/slowo-logo-poziome-2025.png","type":"image\/png"}],"twitter_card":"summary_large_image","twitter_misc":{"Est. reading time":"1 minute"},"schema":{"@context":"https:\/\/schema.org","@graph":[{"@type":"WebPage","@id":"https:\/\/www.gigroupholding.com\/polska\/hr-owe-slowo-roku-thank-you-page\/","url":"https:\/\/www.gigroupholding.com\/polska\/hr-owe-slowo-roku-thank-you-page\/","name":"Dzi\u0119kujemy za udzia\u0142 w g\u0142osowaniu - Gi Group Holding Polska","isPartOf":{"@id":"https:\/\/www.gigroupholding.com\/polska\/#website"},"primaryImageOfPage":{"@id":"https:\/\/www.gigroupholding.com\/polska\/hr-owe-slowo-roku-thank-you-page\/#primaryimage"},"image":{"@id":"https:\/\/www.gigroupholding.com\/polska\/hr-owe-slowo-roku-thank-you-page\/#primaryimage"},"thumbnailUrl":"https:\/\/www.gigroupholding.com\/polska\/wp-content\/uploads\/sites\/9\/2024\/11\/slowo-logo-poziome-2025-1024x341.png","datePublished":"2023-12-14T09:28:43+00:00","dateModified":"2025-12-09T14:39:21+00:00","inLanguage":"pl-PL","potentialAction":[{"@type":"ReadAction","target":["https:\/\/www.gigroupholding.com\/polska\/hr-owe-slowo-roku-thank-you-page\/"]}]},{"@type":"ImageObject","inLanguage":"pl-PL","@id":"https:\/\/www.gigroupholding.com\/polska\/hr-owe-slowo-roku-thank-you-page\/#primaryimage","url":"https:\/\/www.gigroupholding.com\/polska\/wp-content\/uploads\/sites\/9\/2024\/11\/slowo-logo-poziome-2025.png","contentUrl":"https:\/\/www.gigroupholding.com\/polska\/wp-content\/uploads\/sites\/9\/2024\/11\/slowo-logo-poziome-2025.png","width":1200,"height":400},{"@type":"WebSite","@id":"https:\/\/www.gigroupholding.com\/polska\/#website","url":"https:\/\/www.gigroupholding.com\/polska\/","name":"Gi Group Holding Polska","description":"","potentialAction":[{"@type":"SearchAction","target":{"@type":"EntryPoint","urlTemplate":"https:\/\/www.gigroupholding.com\/polska\/?s={search_term_string}"},"query-input":{"@type":"PropertyValueSpecification","valueRequired":true,"valueName":"search_term_string"}}],"inLanguage":"pl-PL"}]}},"_links":{"self":[{"href":"https:\/\/www.gigroupholding.com\/polska\/wp-json\/wp\/v2\/pages\/15900","targetHints":{"allow":["GET"]}}],"collection":[{"href":"https:\/\/www.gigroupholding.com\/polska\/wp-json\/wp\/v2\/pages"}],"about":[{"href":"https:\/\/www.gigroupholding.com\/polska\/wp-json\/wp\/v2\/types\/page"}],"author":[{"embeddable":true,"href":"https:\/\/www.gigroupholding.com\/polska\/wp-json\/wp\/v2\/users\/25"}],"replies":[{"embeddable":true,"href":"https:\/\/www.gigroupholding.com\/polska\/wp-json\/wp\/v2\/comments?post=15900"}],"version-history":[{"count":19,"href":"https:\/\/www.gigroupholding.com\/polska\/wp-json\/wp\/v2\/pages\/15900\/revisions"}],"predecessor-version":[{"id":37909,"href":"https:\/\/www.gigroupholding.com\/polska\/wp-json\/wp\/v2\/pages\/15900\/revisions\/37909"}],"wp:attachment":[{"href":"https:\/\/www.gigroupholding.com\/polska\/wp-json\/wp\/v2\/media?parent=15900"}],"curies":[{"name":"wp","href":"https:\/\/api.w.org\/{rel}","templated":true}]}}