{"id":3056,"date":"2022-03-10T10:34:25","date_gmt":"2022-03-10T10:34:25","guid":{"rendered":"https:\/\/www.gigroupholding.com\/france\/cookie-policy-2\/"},"modified":"2024-03-21T10:53:02","modified_gmt":"2024-03-21T10:53:02","slug":"politique-confidentialite-pour-nous-contacter","status":"publish","type":"page","link":"https:\/\/www.gigroupholding.com\/france\/politique-confidentialite-pour-nous-contacter\/","title":{"rendered":"Politique de confidentialit\u00e9 pour nous contacter"},"content":{"rendered":"<h1>AVIS DE TRAITEMENT DES DONN\u00c9ES PERSONNELLES &#8211;<br \/>\nSECTION CONTACT<\/h1>\n<h2>RESPONSABLE DU TRAITEMENT DES DONN\u00c9ES<\/h2>\n<p>Gi Group France SAS<\/p>\n<p>dont le si\u00e8ge social est situ\u00e9 \u00e0 124 Boulevard Haussmann, 75008, Paris, en la personne de son repr\u00e9sentant l\u00e9gal<\/p>\n<p>num\u00e9ro de t\u00e9l\u00e9phone\u00a0: \u00a0+33 (0)1.70.77.07.22, adresse courrier\u00a0: <a href=\"mailto:fr.privacy@gigroup.com\">fr.privacy@gigroup.com<\/a> (&lsquo;Gi Group&rsquo;)<\/p>\n<h2>POURQUOI VOS DONN\u00c9ES PERSONNELLES SONT-ELLES TRAIT\u00c9ES ET QUELLE EST LA CONDITION QUI REND LE TRAITEMENT LICITE ?<\/h2>\n<p>Le traitement des donn\u00e9es personnelles a pour but de traiter les demandes d&rsquo;information sur les services offerts par Gi Group ou par les soci\u00e9t\u00e9s de Gi Group Holding. En particulier, si la demande d&rsquo;information concerne des services offerts par d&rsquo;autres soci\u00e9t\u00e9s du Groupe, Gi Group peut en accuser r\u00e9ception en indiquant les coordonn\u00e9es de contact ou la transmettre directement \u00e0 la soci\u00e9t\u00e9 concern\u00e9e afin de recevoir une r\u00e9ponse appropri\u00e9e et opportune de sa part.<\/p>\n<p>Le traitement est n\u00e9cessaire \u00e0 l&rsquo;ex\u00e9cution d&rsquo;un contrat auquel la personne concern\u00e9e est partie ou \u00e0 l&rsquo;ex\u00e9cution de mesures pr\u00e9contractuelles prises \u00e0 la demande de la personne concern\u00e9e.<\/p>\n<h2>COMBIEN DE TEMPS CONSERVONS-NOUS VOS DONN\u00c9ES PERSONNELLES ?<\/h2>\n<p>Les donn\u00e9es seront trait\u00e9es aussi longtemps que n\u00e9cessaire afin de traiter les demandes d&rsquo;information.<\/p>\n<p>\u00c0 l&rsquo;expiration des p\u00e9riodes de conservation susmentionn\u00e9es, les donn\u00e9es \u00e0 caract\u00e8re personnel seront d\u00e9truites, effac\u00e9es ou rendues anonymes, sous r\u00e9serve des proc\u00e9dures techniques d&rsquo;effacement et de sauvegarde.<\/p>\n<h2>LA FOURNITURE OBLIGATOIRE DE DONN\u00c9ES \u00c0 CARACT\u00c8RE PERSONNEL<\/h2>\n<p>La fourniture des donn\u00e9es personnelles marqu\u00e9es d&rsquo;un ast\u00e9risque dans le formulaire de collecte des donn\u00e9es est obligatoire : le refus de fournir ces donn\u00e9es personnelles ne permet pas \u00e0 Gi Group de traiter les demandes d&rsquo;information.<\/p>\n<h2>LES DESTINATAIRES DES DONN\u00c9ES<\/h2>\n<p>Les donn\u00e9es \u00e0 caract\u00e8re personnel ne peuvent \u00eatre trait\u00e9es que par des employ\u00e9s des fonctions de l&rsquo;entreprise autoris\u00e9s \u00e0 les traiter car ils sont responsables de la poursuite des objectifs susmentionn\u00e9s, ont \u00e9t\u00e9 express\u00e9ment autoris\u00e9s \u00e0 le faire et ont re\u00e7u des instructions op\u00e9rationnelles ad\u00e9quates.<\/p>\n<p>Les donn\u00e9es \u00e0 caract\u00e8re personnel peuvent \u00eatre communiqu\u00e9es aux entit\u00e9s ou cat\u00e9gories d&rsquo;entit\u00e9s suivantes qui agissent en tant que responsables autonomes du traitement des donn\u00e9es :<\/p>\n<ul>\n<li>les soci\u00e9t\u00e9s du Groupe en France ou \u00e0 l&rsquo;\u00e9tranger, y compris en dehors de l&rsquo;Espace \u00e9conomique europ\u00e9en, si la demande d&rsquo;information concerne des services offerts par d&rsquo;autres soci\u00e9t\u00e9s du Groupe.<\/li>\n<\/ul>\n<p>Les donn\u00e9es \u00e0 caract\u00e8re personnel peuvent \u00e9galement \u00eatre trait\u00e9es pour le compte de Gi Group par des personnes d\u00e9sign\u00e9es comme responsables du traitement des donn\u00e9es. Ces personnes sont incluses dans les cat\u00e9gories suivantes :<\/p>\n<ul>\n<li>Services d&rsquo;exploitation et de maintenance de sites ;<\/li>\n<li>Services de gestion et de maintenance de bases de donn\u00e9es clients ;<\/li>\n<li>Services d&rsquo;archivage ;<\/li>\n<li>services d&rsquo;envoi de communications ;<\/li>\n<\/ul>\n<p>Vos donn\u00e9es peuvent \u00eatre transf\u00e9r\u00e9es \u00e0 des soci\u00e9t\u00e9s qui ne sont pas bas\u00e9es en France ou dans un \u00c9tat appartenant \u00e0 l&rsquo;Espace \u00e9conomique europ\u00e9en (EEE), c&rsquo;est-\u00e0-dire dans des pays qui ne b\u00e9n\u00e9ficient donc pas du m\u00eame niveau de protection standardis\u00e9 au sein de l&rsquo;EEE. C&rsquo;est pourquoi Gi Group a mis en place des mesures appropri\u00e9es pour s&rsquo;assurer que les soci\u00e9t\u00e9s qui ne sont pas bas\u00e9es en France ou dans l&rsquo;EEE et qui traitent vos donn\u00e9es personnelles offrent une protection ad\u00e9quate pour ce traitement.<\/p>\n<h2>DROITS DE LA PERSONNE CONCERN\u00c9E<\/h2>\n<p style=\"text-align: justify\">Vous pouvez demander<br \/>\nl&rsquo;acc\u00e8s aux donn\u00e9es vous concernant, leur rectification ou leur effacement,<br \/>\nainsi que la limitation du traitement, l&rsquo;opposition au traitement et la<br \/>\nportabilit\u00e9 des donn\u00e9es en contactant le responsable du traitement par courrier<br \/>\nordinaire ou en envoyant un courrier \u00e9lectronique \u00e0 l&rsquo;adresse suivante :<br \/>\nfr.privacy@gigroup.com.<\/p>\n<p style=\"text-align: justify\">Vous pouvez introduire<br \/>\nune r\u00e9clamation aupr\u00e8s de l&rsquo;autorit\u00e9 de contr\u00f4le comp\u00e9tente, ainsi qu&rsquo;exercer<br \/>\ntout autre droit qui vous est reconnu par la r\u00e9glementation applicable.<\/p>\n","protected":false},"excerpt":{"rendered":"<p>AVIS DE TRAITEMENT DES DONN\u00c9ES PERSONNELLES &#8211; SECTION CONTACT RESPONSABLE DU TRAITEMENT DES DONN\u00c9ES Gi Group France SAS dont le si\u00e8ge social est situ\u00e9 \u00e0 124 Boulevard Haussmann, 75008, Paris, en la personne de son repr\u00e9sentant l\u00e9gal num\u00e9ro de t\u00e9l\u00e9phone\u00a0: \u00a0+33 (0)1.70.77.07.22, adresse courrier\u00a0: fr.privacy@gigroup.com (&lsquo;Gi Group&rsquo;) POURQUOI VOS DONN\u00c9ES PERSONNELLES SONT-ELLES TRAIT\u00c9ES ET QUELLE [&hellip;]<\/p>\n","protected":false},"author":1,"featured_media":0,"parent":0,"menu_order":0,"comment_status":"closed","ping_status":"closed","template":"","meta":{"_acf_changed":false,"footnotes":"","_links_to":"","_links_to_target":""},"class_list":["post-3056","page","type-page","status-publish","hentry"],"acf":[],"yoast_head":"<!-- This site is optimized with the Yoast SEO plugin v23.9 - https:\/\/yoast.com\/wordpress\/plugins\/seo\/ -->\n<title>Politique de confidentialit\u00e9 pour nous contacter - Gi Group Holding France<\/title>\n<meta name=\"robots\" content=\"index, follow, max-snippet:-1, max-image-preview:large, max-video-preview:-1\" \/>\n<link rel=\"canonical\" href=\"https:\/\/www.gigroupholding.com\/france\/politique-confidentialite-pour-nous-contacter\/\" \/>\n<meta property=\"og:locale\" content=\"fr_FR\" \/>\n<meta property=\"og:type\" content=\"article\" \/>\n<meta property=\"og:title\" content=\"Politique de confidentialit\u00e9 pour nous contacter - Gi Group Holding France\" \/>\n<meta property=\"og:description\" content=\"AVIS DE TRAITEMENT DES DONN\u00c9ES PERSONNELLES &#8211; SECTION CONTACT RESPONSABLE DU TRAITEMENT DES DONN\u00c9ES Gi Group France SAS dont le si\u00e8ge social est situ\u00e9 \u00e0 124 Boulevard Haussmann, 75008, Paris, en la personne de son repr\u00e9sentant l\u00e9gal num\u00e9ro de t\u00e9l\u00e9phone\u00a0: \u00a0+33 (0)1.70.77.07.22, adresse courrier\u00a0: fr.privacy@gigroup.com (&lsquo;Gi Group&rsquo;) POURQUOI VOS DONN\u00c9ES PERSONNELLES SONT-ELLES TRAIT\u00c9ES ET QUELLE [&hellip;]\" \/>\n<meta property=\"og:url\" content=\"https:\/\/www.gigroupholding.com\/france\/politique-confidentialite-pour-nous-contacter\/\" \/>\n<meta property=\"og:site_name\" content=\"Gi Group Holding France\" \/>\n<meta property=\"article:modified_time\" content=\"2024-03-21T10:53:02+00:00\" \/>\n<meta name=\"twitter:card\" content=\"summary_large_image\" \/>\n<meta name=\"twitter:label1\" content=\"Dur\u00e9e de lecture estim\u00e9e\" \/>\n\t<meta name=\"twitter:data1\" content=\"3 minutes\" \/>\n<script type=\"application\/ld+json\" class=\"yoast-schema-graph\">{\"@context\":\"https:\/\/schema.org\",\"@graph\":[{\"@type\":\"WebPage\",\"@id\":\"https:\/\/www.gigroupholding.com\/france\/politique-confidentialite-pour-nous-contacter\/\",\"url\":\"https:\/\/www.gigroupholding.com\/france\/politique-confidentialite-pour-nous-contacter\/\",\"name\":\"Politique de confidentialit\u00e9 pour nous contacter - Gi Group Holding France\",\"isPartOf\":{\"@id\":\"https:\/\/www.gigroupholding.com\/france\/#website\"},\"datePublished\":\"2022-03-10T10:34:25+00:00\",\"dateModified\":\"2024-03-21T10:53:02+00:00\",\"inLanguage\":\"fr-FR\",\"potentialAction\":[{\"@type\":\"ReadAction\",\"target\":[\"https:\/\/www.gigroupholding.com\/france\/politique-confidentialite-pour-nous-contacter\/\"]}]},{\"@type\":\"WebSite\",\"@id\":\"https:\/\/www.gigroupholding.com\/france\/#website\",\"url\":\"https:\/\/www.gigroupholding.com\/france\/\",\"name\":\"Gi Group Holding France\",\"description\":\"\",\"potentialAction\":[{\"@type\":\"SearchAction\",\"target\":{\"@type\":\"EntryPoint\",\"urlTemplate\":\"https:\/\/www.gigroupholding.com\/france\/?s={search_term_string}\"},\"query-input\":{\"@type\":\"PropertyValueSpecification\",\"valueRequired\":true,\"valueName\":\"search_term_string\"}}],\"inLanguage\":\"fr-FR\"}]}<\/script>\n<!-- \/ Yoast SEO plugin. -->","yoast_head_json":{"title":"Politique de confidentialit\u00e9 pour nous contacter - Gi Group Holding France","robots":{"index":"index","follow":"follow","max-snippet":"max-snippet:-1","max-image-preview":"max-image-preview:large","max-video-preview":"max-video-preview:-1"},"canonical":"https:\/\/www.gigroupholding.com\/france\/politique-confidentialite-pour-nous-contacter\/","og_locale":"fr_FR","og_type":"article","og_title":"Politique de confidentialit\u00e9 pour nous contacter - Gi Group Holding France","og_description":"AVIS DE TRAITEMENT DES DONN\u00c9ES PERSONNELLES &#8211; SECTION CONTACT RESPONSABLE DU TRAITEMENT DES DONN\u00c9ES Gi Group France SAS dont le si\u00e8ge social est situ\u00e9 \u00e0 124 Boulevard Haussmann, 75008, Paris, en la personne de son repr\u00e9sentant l\u00e9gal num\u00e9ro de t\u00e9l\u00e9phone\u00a0: \u00a0+33 (0)1.70.77.07.22, adresse courrier\u00a0: fr.privacy@gigroup.com (&lsquo;Gi Group&rsquo;) POURQUOI VOS DONN\u00c9ES PERSONNELLES SONT-ELLES TRAIT\u00c9ES ET QUELLE [&hellip;]","og_url":"https:\/\/www.gigroupholding.com\/france\/politique-confidentialite-pour-nous-contacter\/","og_site_name":"Gi Group Holding France","article_modified_time":"2024-03-21T10:53:02+00:00","twitter_card":"summary_large_image","twitter_misc":{"Dur\u00e9e de lecture estim\u00e9e":"3 minutes"},"schema":{"@context":"https:\/\/schema.org","@graph":[{"@type":"WebPage","@id":"https:\/\/www.gigroupholding.com\/france\/politique-confidentialite-pour-nous-contacter\/","url":"https:\/\/www.gigroupholding.com\/france\/politique-confidentialite-pour-nous-contacter\/","name":"Politique de confidentialit\u00e9 pour nous contacter - Gi Group Holding France","isPartOf":{"@id":"https:\/\/www.gigroupholding.com\/france\/#website"},"datePublished":"2022-03-10T10:34:25+00:00","dateModified":"2024-03-21T10:53:02+00:00","inLanguage":"fr-FR","potentialAction":[{"@type":"ReadAction","target":["https:\/\/www.gigroupholding.com\/france\/politique-confidentialite-pour-nous-contacter\/"]}]},{"@type":"WebSite","@id":"https:\/\/www.gigroupholding.com\/france\/#website","url":"https:\/\/www.gigroupholding.com\/france\/","name":"Gi Group Holding France","description":"","potentialAction":[{"@type":"SearchAction","target":{"@type":"EntryPoint","urlTemplate":"https:\/\/www.gigroupholding.com\/france\/?s={search_term_string}"},"query-input":{"@type":"PropertyValueSpecification","valueRequired":true,"valueName":"search_term_string"}}],"inLanguage":"fr-FR"}]}},"_links":{"self":[{"href":"https:\/\/www.gigroupholding.com\/france\/wp-json\/wp\/v2\/pages\/3056","targetHints":{"allow":["GET"]}}],"collection":[{"href":"https:\/\/www.gigroupholding.com\/france\/wp-json\/wp\/v2\/pages"}],"about":[{"href":"https:\/\/www.gigroupholding.com\/france\/wp-json\/wp\/v2\/types\/page"}],"author":[{"embeddable":true,"href":"https:\/\/www.gigroupholding.com\/france\/wp-json\/wp\/v2\/users\/1"}],"replies":[{"embeddable":true,"href":"https:\/\/www.gigroupholding.com\/france\/wp-json\/wp\/v2\/comments?post=3056"}],"version-history":[{"count":7,"href":"https:\/\/www.gigroupholding.com\/france\/wp-json\/wp\/v2\/pages\/3056\/revisions"}],"predecessor-version":[{"id":24355,"href":"https:\/\/www.gigroupholding.com\/france\/wp-json\/wp\/v2\/pages\/3056\/revisions\/24355"}],"wp:attachment":[{"href":"https:\/\/www.gigroupholding.com\/france\/wp-json\/wp\/v2\/media?parent=3056"}],"curies":[{"name":"wp","href":"https:\/\/api.w.org\/{rel}","templated":true}]}}